MONTHLY CLIMATOLOGICAL SUMMARY for NOV. 2018

NAME: Granudden   CITY: Färjestaden STATE: Öland
ELEV: 12 LAT: 056:38:42 LONG: -016:28:48

                            TEMPERATURE ( °C), RAIN (mm), WIND SPEED (kn)

                                               HEAT     COOL           AVG
      MEAN                                     DEG      DEG            WIND                       DOM
DAY   TEMP    HIGH   TIME     LOW    TIME      DAYS     DAYS    RAIN   SPEED    HIGH    TIME      DIR
--------------------------------------------------------------------------------------------------------
01    08.5    11.1   10:55    05.8   01:35     09.8     00.0    00.0   00.0     00.0    00:00     ESE
02    09.0    10.6   13:17    06.8   06:24     09.3     00.0    00.0   00.0     00.0    00:00      S 
03    07.4    10.1   13:00    02.3   23:42     10.9     00.0    00.0   00.0     00.0    00:00     SSW
04    06.2    09.7   13:37    01.2   08:01     12.1     00.0    00.2   00.0     00.0    00:00     SSE
05    09.3    09.8   22:23    08.7   01:24     09.0     00.0    01.4   00.0     00.0    00:00      SE
06    08.5    11.8   14:02    04.2   00:00     09.8     00.0    00.0   00.0     00.0    00:00      SE
07    07.3    11.7   12:55    03.2   04:27     11.0     00.0    00.4   00.0     00.0    00:00      SE
08    07.1    08.3   00:35    06.2   17:31     11.2     00.0    00.4   00.0     00.0    00:00      NE
09    07.9    08.4   00:00    07.3   05:15     10.4     00.0    00.4   00.0     00.0    00:00      NE
10    08.5    09.4   21:19    08.2   16:06     09.8     00.0    00.6   00.0     00.0    00:00      SE
11    08.8    09.3   23:59    08.1   15:17     09.5     00.0    01.6   00.0     00.0    00:00      SE
12    09.4    10.7   23:34    08.7   01:35     08.9     00.0    05.2   00.0     00.0    00:00      S 
13    09.0    10.5   00:06    08.0   23:34     09.3     00.0    01.0   00.0     00.0    00:00      S 
14    08.5    09.9   13:30    07.9   19:09     09.8     00.0    00.0   00.0     00.0    00:00     WSW
15    07.7    09.3   14:03    04.8   03:00     10.6     00.0    00.0   00.0     00.0    00:00     SSW
16    07.2    10.8   13:39    04.4   22:04     11.1     00.0    00.0   00.0     01.0    09:46      S 
17    05.5    05.9   04:53    05.1   13:11     12.8     00.0    00.0   00.0     03.0    19:45     WSW
--------------------------------------------------------------------------------------------------------
08.0 (7.9)   11.8  day 06     01.2  day 04   175.4    000.0   011.2   00.0     03.0   day 17     SSE
Max <=   10: 9
Max Rain: 5.2 ON 12-11-18
Days of Rain: 9 (> .2mm) 1 (> 2mm) 0 (> 20mm)