MONTHLY CLIMATOLOGICAL SUMMARY for FEB. 2018

NAME: Granudden   CITY: Färjestaden STATE: Öland
ELEV: 12 LAT: 056:38:42 LONG: -016:28:48

                            TEMPERATURE ( °C), RAIN (mm), WIND SPEED (kn)

                                               HEAT     COOL           AVG
      MEAN                                     DEG      DEG            WIND                       DOM
DAY   TEMP    HIGH   TIME     LOW    TIME      DAYS     DAYS    RAIN   SPEED    HIGH    TIME      DIR
--------------------------------------------------------------------------------------------------------
01    03.2    05.2   00:02    02.1   22:43     15.1     00.0    00.8   02.8     15.0    15:10      S 
02    00.8    03.3   10:48   -03.4   23:14     17.5     00.0    02.0   01.9     10.0    19:26      NW
03   -00.7    02.0   23:34   -03.6   05:03     19.0     00.0    08.4   03.2     15.0    21:57     NNE
04   -00.1    02.1   00:42   -03.1   23:59     18.4     00.0    02.2   06.5     21.0    08:32     NNE
05   -04.0   -01.8   15:34   -06.7   00:00     22.3     00.0    00.0   07.6     16.0    17:02     NNW
06   -05.5   -02.9   23:50   -10.8   06:10     23.8     00.0    00.0   04.3     12.0    21:36     WNW
07   -02.1   -00.1   13:54   -03.8   04:24     20.4     00.0    00.4   02.2     11.0    23:29      SW
08   -00.3    01.4   15:34   -03.8   00:00     18.6     00.0    01.2   01.3     11.0    03:58     SSW
09   -02.0    02.3   14:25   -07.3   05:49     20.3     00.0    01.4   00.5     10.0    13:43     SSE
10    00.3    01.9   12:15   -01.2   23:02     18.0     00.0    00.4   01.6     13.0    10:34      SE
11    00.5    01.7   23:59   -01.0   00:28     17.8     00.0    01.2   03.5     17.0    18:18      SE
12    02.4    03.0   13:05    01.6   00:00     15.9     00.0    00.2   05.1     25.0    14:48      S 
13    01.4    02.4   14:09    00.8   08:03     16.9     00.0    00.0   01.9     12.0    07:38      S 
14    00.3    03.5   14:26   -03.1   23:27     18.0     00.0    00.0   00.5     10.0    14:43      SE
15    00.2    03.1   13:18   -03.3   00:33     18.1     00.0    00.2   02.2     15.0    18:52      SE
16    01.0    02.2   13:00   -00.4   21:17     17.3     00.0    01.6   01.7     11.0    07:41     SSE
17    00.4    01.3   13:07   -03.2   23:08     17.9     00.0    00.6   01.9     09.0    13:52     NNW
18    00.1    01.4   14:30   -03.0   00:01     18.2     00.0    00.0   00.2     06.0    21:17      N 
19    01.3    02.7   15:34    00.4   07:28     17.0     00.0    02.6   00.7     07.0    19:49     SSE
--------------------------------------------------------------------------------------------------------
-0.2 (-0.5)   05.2  day 01    -10.8  day 06   350.6    000.0   023.4   02.6     25.0   day 04      S 
Max <=   10: 19
Min <=   0: 15
Min <= -10: 1
Min <=  -5: 3
Min <= -10: 1
Max Rain: 8.4 ON 3-02-18
Days of Rain: 14 (> .2mm) 3 (> 2mm) 0 (> 20mm)