MONTHLY CLIMATOLOGICAL SUMMARY for JUL. 2019

NAME: Granudden   CITY: Färjestaden STATE: Öland
ELEV: 12 LAT: 056:38:42 LONG: -016:28:48

                            TEMPERATURE ( °C), RAIN (mm), WIND SPEED (kn)

                                               HEAT     COOL           AVG
      MEAN                                     DEG      DEG            WIND                       DOM
DAY   TEMP    HIGH   TIME     LOW    TIME      DAYS     DAYS    RAIN   SPEED    HIGH    TIME      DIR
--------------------------------------------------------------------------------------------------------
01    18.7    22.0   15:27    15.6   00:00     00.0     00.4    01.0   04.7     23.0    15:35      W 
02    16.0    19.1   14:53    12.8   22:29     02.3     00.0    00.4   05.9     22.0    16:26     WNW
03    15.2    19.2   14:28    11.3   04:20     03.1     00.0    00.0   05.9     16.0    14:19     WNW
04    14.2    19.1   12:56    10.3   23:32     04.1     00.0    02.2   04.7     21.0    21:21      W 
05    15.1    19.4   18:01    10.4   00:04     03.2     00.0    00.4   06.4     17.0    02:41     WNW
06    14.6    18.6   13:00    11.9   04:18     03.7     00.0    02.2   03.8     16.0    13:17      SW
07    13.9    17.1   16:22    10.4   04:10     04.4     00.0    01.4   04.4     17.0    13:36      NW
08    16.4    20.2   12:28    13.4   04:43     01.9     00.0    03.0   02.7     10.0    12:58      NW
09    15.2    16.1   11:10    14.5   23:54     03.1     00.0    00.0   04.6     17.0    12:10     NNW
10    15.6    19.4   15:11    12.5   04:54     02.7     00.0    00.0   04.6     20.0    14:34     NNW
11    17.3    22.2   18:48    11.4   04:47     01.0     00.0    00.0   01.8     10.0    16:46     SSW
12    16.5    21.2   16:01    12.3   05:01     01.8     00.0    00.0   01.6     08.0    18:21      E 
13    16.7    21.2   15:58    12.8   02:46     01.6     00.0    01.0   01.8     12.0    13:57     NNE
14    16.2    22.1   18:35    09.6   04:42     02.1     00.0    00.2   01.7     10.0    10:04      NW
15    17.5    21.8   12:41    13.5   01:42     00.8     00.0    00.0   02.7     18.0    15:04      SW
16    15.1    18.8   10:12    12.6   04:55     03.2     00.0    03.6   03.9     19.0    21:52     NNW
17    15.8    20.2   16:05    12.7   06:11     02.5     00.0    00.0   03.1     12.0    00:44      N 
18    17.2    22.2   15:52    10.7   05:08     01.1     00.0    00.0   01.6     10.0    17:05      SE
19    18.1    23.1   16:10    12.1   04:40     00.2     00.0    00.0   02.4     13.0    16:47     SSE
--------------------------------------------------------------------------------------------------------
16.1 (16.2)   23.1  day 19     09.6  day 14   042.8    000.4   015.4   03.6     23.0   day 01     WNW
Max >=  20: 10
Max Rain: 3.6 ON 16-07-19
Days of Rain: 10 (> .2mm) 4 (> 2mm) 0 (> 20mm)