MONTHLY CLIMATOLOGICAL SUMMARY for MAR. 2019

NAME: Granudden   CITY: Färjestaden STATE: Öland
ELEV: 12 LAT: 056:38:42 LONG: -016:28:48

                            TEMPERATURE ( °C), RAIN (mm), WIND SPEED (kn)

                                               HEAT     COOL           AVG
      MEAN                                     DEG      DEG            WIND                       DOM
DAY   TEMP    HIGH   TIME     LOW    TIME      DAYS     DAYS    RAIN   SPEED    HIGH    TIME      DIR
--------------------------------------------------------------------------------------------------------
01   -00.1    02.7   00:04   -03.4   21:22     18.4     00.0    00.0   00.1     08.0    23:43      N 
02    02.0    04.5   13:07    00.0   00:33     16.3     00.0    00.0   00.0     05.0    09:06     SSW
03    05.0    08.2   14:01    02.8   00:03     13.3     00.0    01.4   00.0     00.0    00:00     SSW
04    05.0    07.3   11:22    03.4   06:52     13.3     00.0    07.8   00.0     07.0    22:50      S 
05    00.9    04.3   00:05   -01.7   23:22     17.4     00.0    00.4   02.8     16.0    14:47     NNE
06    01.9    04.5   16:20   -01.6   04:58     16.4     00.0    00.0   00.0     01.0    01:50      SE
07    05.2    06.9   18:10    04.3   03:37     13.1     00.0    00.0   00.0     00.0    00:00     SSE
08    04.5    06.5   13:32    01.8   22:31     13.8     00.0    00.0   00.0     00.0    00:00     SSW
09    03.8    05.2   17:59    02.2   00:02     14.5     00.0    00.0   00.0     00.0    00:00     SSW
10    02.6    04.2   14:26   -00.7   00:00     15.7     00.0    00.0   00.0     00.0    00:00     WNW
11    00.7    03.7   14:52   -01.5   06:54     17.6     00.0    00.0   00.0     00.0    00:00     WNW
12    01.6    05.7   14:01   -01.7   07:07     16.7     00.0    00.0   00.0     00.0    00:00      SW
13    04.4    05.9   11:57    02.6   06:23     13.9     00.0    00.0   00.0     00.0    00:00     SSE
14    04.7    06.7   16:22    03.9   21:05     13.6     00.0    00.0   00.0     00.0    00:00      S 
15    04.4    06.3   15:04    02.8   22:30     13.9     00.0    00.0   00.0     00.0    00:00     SSE
16    04.7    07.4   13:58    02.2   06:15     13.6     00.0    00.0   00.0     00.0    00:00      W 
17    05.7    07.8   13:18    03.4   02:10     12.6     00.0    00.0   00.0     00.0    00:00      S 
18    04.6    06.7   13:10    02.8   22:12     13.7     00.0    00.0   00.0     00.0    00:00      SW
19    03.9    07.6   15:09    00.2   23:44     14.4     00.0    00.0   00.0     03.0    20:03     WNW
20    04.1    07.2   14:07   -00.3   02:04     14.2     00.0    00.0   00.0     05.0    02:11      SW
--------------------------------------------------------------------------------------------------------
03.5 (3.5)   08.2  day 03    -03.4  day 01   296.3    000.0   009.6   00.1     16.0   day 05      SW
Max <=   10: 20
Min <=   0: 8
Max Rain: 7.8 ON 4-03-19
Days of Rain: 3 (> .2mm) 1 (> 2mm) 0 (> 20mm)