MONTHLY CLIMATOLOGICAL SUMMARY for JUN. 2017

NAME: Granudden   CITY: Färjestaden STATE: Öland
ELEV: 12 LAT: 056:38:42 LONG: -016:28:48

                            TEMPERATURE ( °C), RAIN (mm), WIND SPEED (kn)

                                               HEAT     COOL           AVG
      MEAN                                     DEG      DEG            WIND                       DOM
DAY   TEMP    HIGH   TIME     LOW    TIME      DAYS     DAYS    RAIN   SPEED    HIGH    TIME      DIR
--------------------------------------------------------------------------------------------------------
01    15.0    18.9   17:33    09.9   00:00     03.3     00.0    00.0   04.1     15.0    00:28      NW
02    11.6    14.5   10:53    05.6   23:46     06.7     00.0    00.0   02.3     14.0    13:28      NE
03    10.9    13.8   16:50    05.9   00:01     07.4     00.0    00.0   01.5     13.0    10:50      S 
04    13.0    19.4   11:55    09.3   02:47     05.3     00.0    03.6   01.1     10.0    16:06     ESE
05    15.2    19.7   15:43    11.0   01:12     03.1     00.0    00.0   02.6     16.0    19:34     WSW
06    15.3    19.3   12:30    08.9   04:28     03.0     00.0    00.0   03.3     17.0    18:27     ESE
07    14.4    16.9   16:02    11.5   23:08     03.9     00.0    06.8   04.8     22.0    03:38     SSE
08    13.9    17.8   17:38    11.5   23:47     04.4     00.0    00.0   03.1     17.0    08:36      S 
09    14.8    19.8   14:53    11.1   01:44     03.5     00.0    00.6   02.4     15.0    17:00     SSE
10    16.6    20.4   17:02    12.9   04:57     01.7     00.0    00.0   01.5     18.0    00:31      S 
11    16.4    19.7   15:57    11.4   03:38     01.9     00.0    00.0   02.1     17.0    16:35      S 
12    16.4    18.9   13:51    14.3   00:00     01.9     00.0    04.0   03.0     17.0    23:19      SW
13    16.2    19.3   19:16    13.8   04:08     02.1     00.0    01.4   05.0     18.0    14:26     WNW
14    16.3    21.1   11:57    12.2   04:43     02.0     00.0    06.6   01.7     13.0    14:56     WSW
15    17.1    21.7   18:53    12.0   04:58     01.2     00.0    00.0   01.0     10.0    17:57     SSW
16    15.3    17.0   11:26    12.7   04:42     03.0     00.0    05.8   00.7     07.0    12:06     ESE
17    16.7    21.0   15:19    14.4   04:58     01.6     00.0    00.0   03.0     10.0    17:02     NNW
18    19.8    25.7   17:51    14.8   04:15     00.0     01.5    00.0   01.5     10.0    20:38     WSW
19    21.9    26.4   14:59    17.8   04:54     00.0     03.6    00.0   01.2     10.0    19:01     WSW
20    19.7    22.4   14:40    15.9   00:00     00.0     01.4    00.0   04.8     17.0    09:35      W 
21    17.2    21.8   15:32    12.8   04:10     01.1     00.0    00.0   03.3     14.0    05:06     WNW
22    16.2    19.6   16:22    12.8   05:08     02.1     00.0    00.0   01.4     09.0    16:33      SW
23    16.4    20.8   12:23    13.3   00:00     01.9     00.0    00.8   01.1     11.0    16:45      SE
--------------------------------------------------------------------------------------------------------
15.9 (15.9)   26.4  day 19     05.6  day 02   060.8    006.5   029.6   02.5     22.0   day 20      SW
Max >=  20: 9
Max Rain: 6.8 ON 7-06-17
Days of Rain: 8 (> .2mm) 5 (> 2mm) 0 (> 20mm)