MONTHLY CLIMATOLOGICAL SUMMARY for DEC. 2017

NAME: Granudden   CITY: Färjestaden STATE: Öland
ELEV: 12 LAT: 056:38:42 LONG: -016:28:48

                            TEMPERATURE ( °C), RAIN (mm), WIND SPEED (kn)

                                               HEAT     COOL           AVG
      MEAN                                     DEG      DEG            WIND                       DOM
DAY   TEMP    HIGH   TIME     LOW    TIME      DAYS     DAYS    RAIN   SPEED    HIGH    TIME      DIR
--------------------------------------------------------------------------------------------------------
01    02.7    03.7   11:27    00.9   23:54     15.6     00.0    02.0   09.1     21.0    11:30     NNW
02    01.2    03.9   00:00   -01.2   07:21     17.1     00.0    00.0   03.5     15.0    22:26      SW
03    04.4    04.8   17:31    03.1   00:00     13.9     00.0    00.4   03.8     19.0    05:29      SW
04    01.6    03.3   13:25   -00.1   23:55     16.7     00.0    00.2   05.4     14.0    12:08      NW
05    03.5    06.9   17:45   -01.2   01:43     14.8     00.0    00.4   02.0     12.0    12:56     WSW
06    05.7    07.4   23:40    03.9   08:35     12.6     00.0    09.6   01.3     12.0    23:18      SW
07    06.6    07.5   02:43    05.6   23:13     11.7     00.0    00.0   04.0     19.0    20:22     SSW
08    04.8    05.8   03:32    03.3   23:59     13.5     00.0    00.0   04.1     18.0    21:47     SSW
09    03.6    04.8   14:00    02.2   00:00     14.7     00.0    00.2   04.3     19.0    07:54     SSW
10    01.3    02.3   12:40    00.0   21:30     17.0     00.0    00.6   02.7     15.0    00:53      S 
11    02.1    03.9   21:15   -00.8   04:56     16.2     00.0    07.4   01.4     10.0    23:07      E 
--------------------------------------------------------------------------------------------------------
03.4 (3.2)   07.5  day 07    -01.2  day 02   163.9    000.0   021.2   03.8     21.0   day 01     WSW
Max <=   10: 11
Min <=   0: 5
Max Rain: 9.6 ON 6-12-17
Days of Rain: 8 (> .2mm) 2 (> 2mm) 0 (> 20mm)