MONTHLY CLIMATOLOGICAL SUMMARY for OCT. 2017

NAME: Granudden   CITY: Färjestaden STATE: Öland
ELEV: 12 LAT: 056:38:42 LONG: -016:28:48

                            TEMPERATURE ( °C), RAIN (mm), WIND SPEED (kn)

                                               HEAT     COOL           AVG
      MEAN                                     DEG      DEG            WIND                       DOM
DAY   TEMP    HIGH   TIME     LOW    TIME      DAYS     DAYS    RAIN   SPEED    HIGH    TIME      DIR
--------------------------------------------------------------------------------------------------------
01    13.0    15.9   12:57    10.1   06:17     05.3     00.0    00.0   03.1     19.0    13:47      SE
02    13.4    14.3   11:31    12.7   16:48     04.9     00.0    08.6   04.6     23.0    16:52     SSE
03    13.7    16.2   15:41    12.5   08:37     04.6     00.0    00.2   02.9     18.0    20:32     SSW
04    10.9    12.7   00:03    08.3   23:26     07.4     00.0    06.2   03.6     23.0    17:46      SW
05    10.7    14.8   16:01    08.3   06:17     07.6     00.0    00.0   02.7     16.0    02:57     WSW
06    10.1    14.1   14:40    05.6   06:48     08.2     00.0    00.0   03.4     11.0    01:41     WNW
07    09.3    12.3   12:39    06.5   05:30     09.0     00.0    02.4   02.1     15.0    16:01     WSW
08    08.1    10.2   13:37    06.1   06:16     10.2     00.0    00.6   07.6     21.0    22:33     WNW
09    08.8    09.8   13:21    07.7   15:16     09.5     00.0    04.2   07.8     21.0    10:24      NW
10    09.4    11.0   15:16    07.9   21:09     08.9     00.0    03.8   04.2     12.0    14:53     WNW
11    10.9    13.2   13:36    08.2   02:06     07.4     00.0    03.4   01.6     11.0    23:42     WSW
12    12.6    14.6   14:03    10.8   23:56     05.7     00.0    00.4   04.2     20.0    22:52      SW
13    10.4    12.7   15:38    08.7   20:50     07.9     00.0    00.0   05.2     23.0    04:00     WNW
14    13.8    16.1   15:30    11.5   00:20     04.5     00.0    01.4   01.9     13.0    15:41      SW
15    13.3    15.3   13:58    11.9   09:20     05.0     00.0    00.0   02.6     17.0    21:19     WSW
16    14.2    17.2   15:10    12.6   22:17     04.1     00.0    00.0   01.6     15.0    06:36     SSW
17    13.4    15.3   14:45    12.0   22:37     04.9     00.0    00.4   02.4     17.0    09:44      S 
18    11.2    13.8   14:06    06.6   00:00     07.1     00.0    00.0   02.1     14.0    02:40      SW
--------------------------------------------------------------------------------------------------------
11.5 (11.6)   17.2  day 16     05.6  day 06   122.1    000.0   031.8   03.5     23.0   day 04     WSW
Max <=   10: 1
Max Rain: 8.6 ON 2-10-17
Days of Rain: 11 (> .2mm) 6 (> 2mm) 0 (> 20mm)