MONTHLY CLIMATOLOGICAL SUMMARY for JAN. 2020

NAME: Granudden   CITY: Färjestaden STATE: Öland
ELEV: 12 LAT: 056:38:42 LONG: -016:28:48

                            TEMPERATURE ( °C), RAIN (mm), WIND SPEED (kn)

                                               HEAT     COOL           AVG
      MEAN                                     DEG      DEG            WIND                       DOM
DAY   TEMP    HIGH   TIME     LOW    TIME      DAYS     DAYS    RAIN   SPEED    HIGH    TIME      DIR
--------------------------------------------------------------------------------------------------------
01    04.0    05.8   13:52    01.2   03:28     14.3     00.0    00.0   04.8     16.0    11:31      W 
02    02.9    04.2   01:32    01.7   19:42     15.4     00.0    00.0   04.1     17.0    23:17      SW
03    04.0    05.3   15:08    01.9   00:15     14.3     00.0    00.0   04.8     19.0    08:19      SW
04    03.4    04.8   03:58    02.3   23:44     14.9     00.0    00.6   08.1     32.0    04:28     WNW
05    02.0    04.3   00:00    00.0   07:35     16.3     00.0    00.8   04.7     17.0    00:37      W 
06    04.9    06.3   23:32    04.1   00:01     13.4     00.0    00.0   03.4     14.0    08:59     SSW
07    04.8    06.2   00:06    04.2   08:54     13.5     00.0    00.0   03.5     16.0    06:06     SSW
08    05.7    07.4   16:32    04.2   00:00     12.6     00.0    00.0   05.2     22.0    05:11     SSW
09    03.7    06.2   23:25    02.6   18:43     14.6     00.0    06.4   03.3     17.0    20:57      S 
10    05.0    07.2   06:59    03.5   00:00     13.3     00.0    06.2   03.8     17.0    22:46      N 
11    03.1    05.5   21:23    00.0   07:30     15.2     00.0    00.0   05.3     24.0    20:55     WSW
12    05.5    06.1   13:20    04.7   23:21     12.8     00.0    00.0   04.2     21.0    00:27     SSW
13    04.1    05.1   13:58    02.8   21:27     14.2     00.0    00.2   02.4     14.0    08:42     SSW
14    05.3    07.0   00:00    03.9   00:01     13.0     00.0    01.8   06.1     23.0    13:00      S 
15    07.9    08.6   19:13    06.8   00:02     10.4     00.0    00.0   06.8     28.0    02:11     SSW
16    05.8    07.5   00:10    04.6   21:50     12.5     00.0    00.2   04.8     19.0    00:18     WSW
17    04.9    07.3   13:26    02.8   22:37     13.4     00.0    00.0   04.1     17.0    11:33      S 
18    05.6    06.3   13:48    03.2   00:01     12.7     00.0    00.0   04.8     21.0    17:10     SSW
19    04.2    05.9   03:26    01.2   00:00     14.1     00.0    00.0   02.4     10.0    03:31      W 
20    03.8    06.4   22:17    00.9   02:30     14.5     00.0    00.0   03.5     14.0    23:21     WSW
21    06.4    07.4   13:40    05.8   03:28     11.9     00.0    00.0   04.9     17.0    06:02      W 
--------------------------------------------------------------------------------------------------------
04.6 (4.6)   08.6  day 15     00.0  day 21   287.3    000.0   016.2   04.5     32.0   day 04      SW
Max <=   10: 21
Min <=   0: 2
Max Rain: 6.4 ON 9-01-20
Days of Rain: 7 (> .2mm) 2 (> 2mm) 0 (> 20mm)