MONTHLY CLIMATOLOGICAL SUMMARY for MAY. 2019

NAME: Granudden   CITY: Färjestaden STATE: Öland
ELEV: 12 LAT: 056:38:42 LONG: -016:28:48

                            TEMPERATURE ( °C), RAIN (mm), WIND SPEED (kn)

                                               HEAT     COOL           AVG
      MEAN                                     DEG      DEG            WIND                       DOM
DAY   TEMP    HIGH   TIME     LOW    TIME      DAYS     DAYS    RAIN   SPEED    HIGH    TIME      DIR
--------------------------------------------------------------------------------------------------------
01    09.2    16.4   15:14    03.5   04:18     09.1     00.0    01.6   02.4     13.0    17:26      SW
02    09.6    12.1   12:03    05.7   00:00     08.7     00.0    04.4   04.8     17.0    17:38      W 
03    05.1    10.3   13:28    02.4   05:44     13.2     00.0    06.8   03.2     17.0    15:10     WNW
04    04.5    06.8   09:54    00.1   23:41     13.8     00.0    01.0   03.2     17.0    16:46     NNW
05    06.6    12.9   15:05   -00.9   05:00     11.7     00.0    00.0   01.7     14.0    17:33     SSW
06    08.0    11.1   12:42    06.1   03:19     10.3     00.0    00.8   03.5     18.0    12:49     SSW
07    07.4    11.2   18:11    03.9   05:51     10.9     00.0    00.4   03.4     23.0    16:39      SW
08    08.7    13.3   15:39    04.2   05:27     09.6     00.0    00.0   03.8     20.0    23:53     SSE
09    08.9    11.3   14:50    07.2   20:57     09.4     00.0    04.0   06.0     26.0    10:55      SE
10    09.9    14.6   14:10    06.5   22:47     08.4     00.0    02.4   01.7     11.0    17:45     SSE
11    11.6    16.5   17:56    07.2   00:06     06.7     00.0    00.0   02.1     12.0    22:31      SW
12    11.5    16.8   14:48    06.4   05:25     06.8     00.0    00.0   03.1     14.0    22:51      W 
13    07.7    10.8   10:51    05.6   00:00     10.6     00.0    00.0   06.4     21.0    15:56     NNW
14    08.3    14.1   15:40    02.4   02:37     10.0     00.0    00.0   02.6     15.0    13:11     NNE
15    07.5    11.0   15:32    01.2   02:49     10.8     00.0    00.0   03.5     15.0    13:45      N 
16    10.6    15.6   10:54    05.2   02:00     07.7     00.0    00.0   06.9     20.0    10:40     NNE
17    10.2    11.3   07:25    09.0   18:12     08.1     00.0    14.0   05.4     19.0    07:18      NE
18    11.1    14.6   13:36    09.3   23:50     07.2     00.0    01.8   02.5     09.0    21:29      N 
19    10.6    13.2   09:47    09.4   00:04     07.7     00.0    02.2   03.9     12.0    14:03      N 
20    14.2    22.3   14:47    09.4   05:17     04.1     00.0    00.2   03.0     11.0    17:36     NNE
21    15.3    19.8   14:18    11.1   03:21     03.0     00.0    00.4   02.4     13.0    12:31      NE
22    13.8    18.8   17:01    10.6   02:28     04.5     00.0    00.0   03.7     14.0    11:57      N 
23    14.0    20.1   15:28    11.3   22:11     04.3     00.0    00.0   02.9     14.0    08:21      NW
24    14.1    18.9   11:39    09.5   03:12     04.2     00.0    00.2   03.0     22.0    16:55      S 
--------------------------------------------------------------------------------------------------------
09.9 (10.2)   22.3  day 20    -00.9  day 05   200.9    000.0   040.2   03.6     26.0   day 07     NNW
Max >=  20: 2
Max <=   10: 1
Min <=   0: 1
Max Rain: 14.0 ON 17-05-19
Days of Rain: 14 (> .2mm) 6 (> 2mm) 0 (> 20mm)