MONTHLY CLIMATOLOGICAL SUMMARY for JAN. 2019

NAME: Granudden   CITY: Färjestaden STATE: Öland
ELEV: 12 LAT: 056:38:42 LONG: -016:28:48

                            TEMPERATURE ( °C), RAIN (mm), WIND SPEED (kn)

                                               HEAT     COOL           AVG
      MEAN                                     DEG      DEG            WIND                       DOM
DAY   TEMP    HIGH   TIME     LOW    TIME      DAYS     DAYS    RAIN   SPEED    HIGH    TIME      DIR
--------------------------------------------------------------------------------------------------------
01    05.3    07.2   06:36    03.7   00:00     13.0     00.0    01.0   00.0     00.0    00:00      W 
02    00.8    03.9   01:30   -00.2   21:33     17.5     00.0    00.4   00.0     00.0    00:00     NNW
03   -00.5    00.7   01:41   -01.3   18:57     18.8     00.0    00.0   00.0     00.0    00:00      NW
04    01.5    03.8   14:20   -01.0   00:02     16.8     00.0    00.0   00.0     00.0    00:00      SW
05    02.4    03.9   05:21    00.7   23:55     15.9     00.0    00.0   00.0     00.0    00:00     NNW
06    00.8    01.6   00:00   -00.3   09:17     17.5     00.0    00.6   00.0     00.0    00:00      W 
07    02.1    03.6   00:00    01.6   01:57     16.2     00.0    00.4   00.0     00.0    00:00     SSW
08    03.8    05.2   13:49    01.3   21:56     14.5     00.0    05.0   00.0     00.0    00:00     SSE
09    01.2    02.2   09:45    00.2   00:00     17.1     00.0    05.4   00.0     00.0    00:00      N 
10   -00.3    00.5   14:14   -01.1   08:51     18.6     00.0    00.0   00.0     00.0    00:00      NW
11    02.2    04.1   15:14   -00.2   00:02     16.1     00.0    00.0   00.0     00.0    00:00     WSW
12    00.6    02.6   00:02   -01.5   08:09     17.7     00.0    00.4   00.0     00.0    00:00     WSW
13    01.5    03.4   17:23   -00.1   05:02     16.8     00.0    00.8   00.0     00.0    00:00      SW
14    00.3    02.1   00:01   -01.2   09:13     18.0     00.0    00.2   00.0     00.0    00:00     WNW
15   -00.7    00.8   00:18   -02.6   23:25     19.0     00.0    00.0   00.0     00.0    00:00      W 
16    00.9    04.9   21:46   -04.7   07:24     17.4     00.0    02.4   00.0     00.0    00:00     SSW
17    01.4    04.2   03:05   -01.9   00:00     16.9     00.0    00.2   00.0     00.0    00:00     WNW
18   -01.7    01.0   14:09   -03.4   07:37     20.0     00.0    00.0   00.0     00.0    00:00     WNW
19   -00.7    01.6   16:43   -04.3   05:55     19.0     00.0    00.0   00.0     05.0    08:49     WSW
20   -01.0    01.0   05:03   -05.1   22:30     19.3     00.0    00.0   00.1     04.0    23:38      N 
21   -01.9    01.7   14:52   -08.4   02:14     20.2     00.0    00.2   00.1     05.0    06:26     NNE
--------------------------------------------------------------------------------------------------------
00.9 (0.7)   07.2  day 01    -08.4  day 21   366.2    000.0   017.2   00.0     05.0   day 21      W 
Max <=   10: 21
Min <=   0: 16
Min <=  -5: 2
Max Rain: 5.4 ON 9-01-19
Days of Rain: 12 (> .2mm) 3 (> 2mm) 0 (> 20mm)