MONTHLY CLIMATOLOGICAL SUMMARY for APR. 2018

NAME: Granudden   CITY: Färjestaden STATE: Öland
ELEV: 12 LAT: 056:38:42 LONG: -016:28:48

                            TEMPERATURE ( °C), RAIN (mm), WIND SPEED (kn)

                                               HEAT     COOL           AVG
      MEAN                                     DEG      DEG            WIND                       DOM
DAY   TEMP    HIGH   TIME     LOW    TIME      DAYS     DAYS    RAIN   SPEED    HIGH    TIME      DIR
--------------------------------------------------------------------------------------------------------
01    01.1    02.0   11:01    00.0   11:06     17.2     00.0    00.0   10.1     29.0    16:11      N 
02    02.1    06.8   15:24   -00.2   06:35     16.2     00.0    00.0   04.5     17.0    00:26      N 
03    00.6    02.1   00:00   -03.0   05:39     17.7     00.0    02.2   01.1     10.0    17:58      N 
04    05.5    12.8   14:46    02.1   00:02     12.8     00.0    01.0   01.7     14.0    07:51      N 
05    07.0    10.6   15:47    02.5   00:03     11.3     00.0    00.8   03.0     17.0    23:16      N 
06    05.7    09.3   16:10    02.9   23:40     12.6     00.0    00.0   06.9     27.0    13:25      N 
07    04.8    10.4   14:11   -01.1   05:03     13.5     00.0    00.0   02.3     17.0    12:53      N 
08    09.0    15.4   16:36    02.1   00:02     09.3     00.0    00.0   02.3     16.0    15:48      N 
09    09.3    21.0   14:03    02.3   05:02     09.0     00.0    00.0   02.0     24.0    23:59      N 
10    04.0    07.2   13:50    02.0   00:00     14.3     00.0    00.0   09.1     28.0    00:54      N 
11    04.7    08.0   15:15    01.8   00:42     13.6     00.0    00.0   07.1     26.0    13:06      N 
12    06.5    09.8   16:16    03.4   06:15     11.8     00.0    00.0   06.6     24.0    16:31      N 
13    08.6    12.4   17:17    05.3   04:56     09.7     00.0    00.0   06.6     21.0    16:31      N 
14    07.5    10.8   16:04    05.7   06:26     10.8     00.0    03.6   02.9     15.0    00:23      N 
15    08.2    11.1   15:01    06.7   00:00     10.1     00.0    00.0   01.6     11.0    12:23      N 
16    07.4    11.9   17:10    05.4   00:00     10.9     00.0    01.4   03.0     11.0    13:02      N 
17    08.8    15.2   14:44    04.2   03:48     09.5     00.0    00.0   01.3     10.0    20:55      N 
18    11.2    16.4   15:48    06.8   00:41     07.1     00.0    00.4   03.1     17.0    11:41      N 
19    12.4    19.6   13:37    06.7   05:47     05.9     00.0    00.0   01.1     10.0    19:07      N 
20    14.5    20.6   16:03    09.1   05:32     03.8     00.0    00.0   02.4     18.0    18:25      N 
21    13.1    16.9   16:12    10.0   06:26     05.2     00.0    00.0   06.0     16.0    15:10      N 
22    09.0    14.0   14:24    04.8   23:59     09.3     00.0    00.0   02.9     13.0    17:06      N 
23    08.5    13.9   17:50    04.3   03:32     09.8     00.0    01.0   03.5     20.0    09:35      N 
24    09.6    11.9   17:40    08.2   05:20     08.7     00.0    00.2   03.4     21.0    13:27      N 
25    08.2    09.9   17:20    07.0   00:00     10.1     00.0    00.8   02.2     13.0    01:41      N 
26    08.9    12.9   16:53    06.3   05:26     09.4     00.0    00.2   02.5     13.0    18:21      N 
--------------------------------------------------------------------------------------------------------
07.5 (8.0)   21.0  day 09    -03.0  day 03   279.8    000.0   000.2   03.8     29.0   day 06      N 
Max >=  20: 2
Max <=   10: 8
Min <=   0: 4
Max Rain: 3.6 ON 14-04-18
Days of Rain: 10 (> .2mm) 2 (> 2mm) 0 (> 20mm)