MONTHLY CLIMATOLOGICAL SUMMARY for APR. 2021

NAME: Granudden   CITY: Färjestaden STATE: Öland
ELEV: 12 LAT: 056:38:42 LONG: -016:28:48

                            TEMPERATURE ( °C), RAIN (mm), WIND SPEED (kn)

                                               HEAT     COOL           AVG
      MEAN                                     DEG      DEG            WIND                       DOM
DAY   TEMP    HIGH   TIME     LOW    TIME      DAYS     DAYS    RAIN   SPEED    HIGH    TIME      DIR
--------------------------------------------------------------------------------------------------------
01    05.3    09.1   00:24    02.6   08:21     13.0     00.0    06.0   05.1     17.0    13:56     NNE
02    05.3    10.2   14:27    01.3   04:42     13.0     00.0    00.4   02.8     22.0    22:41     WNW
03    04.5    07.7   17:51    00.6   23:48     13.8     00.0    00.0   06.0     17.0    10:51      N 
04    05.1    09.8   15:17   -00.1   04:06     13.2     00.0    00.0   04.5     23.0    14:41      SW
05    03.8    06.3   00:09    00.6   22:31     14.5     00.0    00.6   06.7     23.0    21:29     WSW
06    04.1    08.7   14:48    01.5   00:11     14.2     00.0    00.6   05.4     18.0    16:45     WSW
07    03.5    06.9   13:01    00.3   00:00     14.8     00.0    00.4   03.4     14.0    11:17      W 
08    04.6    09.3   12:16    00.0   00:44     13.7     00.0    00.2   03.6     18.0    12:43     WSW
09    05.6    07.7   18:19    04.4   05:07     12.7     00.0    00.0   07.1     28.0    08:02      SW
10    05.3    09.5   15:44    02.1   06:47     13.0     00.0    00.0   04.2     17.0    07:39      SW
11    03.3    05.9   11:55   -01.4   05:52     15.0     00.0    01.2   03.0     21.0    12:44     ESE
12    05.3    07.9   16:43    02.2   03:04     13.0     00.0    00.0   03.4     13.0    18:15      W 
13    05.3    09.1   13:52    03.1   04:47     13.0     00.0    00.0   04.0     18.0    08:59      SW
14    03.9    07.8   16:42    00.9   06:46     14.4     00.0    00.0   04.9     17.0    14:50      N 
15    04.2    06.2   17:07    01.5   00:07     14.1     00.0    00.0   09.3     26.0    13:50      N 
16    04.8    06.3   16:30    03.2   06:17     13.5     00.0    00.0   11.6     32.0    17:30     NNE
--------------------------------------------------------------------------------------------------------
04.6 (4.7)   10.2  day 02    -01.4  day 11   218.8    000.0   009.4   05.3     32.0   day 16      NW
Max <=   10: 15
Min <=   0: 3
Max Rain: 6.0 ON 1-04-21
Days of Rain: 7 (> .2mm) 1 (> 2mm) 0 (> 20mm)