MONTHLY CLIMATOLOGICAL SUMMARY for OCT. 2020

NAME: Granudden   CITY: Färjestaden STATE: Öland
ELEV: 12 LAT: 056:38:42 LONG: -016:28:48

                            TEMPERATURE ( °C), RAIN (mm), WIND SPEED (kn)

                                               HEAT     COOL           AVG
      MEAN                                     DEG      DEG            WIND                       DOM
DAY   TEMP    HIGH   TIME     LOW    TIME      DAYS     DAYS    RAIN   SPEED    HIGH    TIME      DIR
--------------------------------------------------------------------------------------------------------
01    13.9    16.4   13:37    09.5   00:07     04.4     00.0    00.2   03.9     18.0    13:11     ENE
02    14.9    16.1   13:56    14.0   06:21     03.4     00.0    00.0   04.1     19.0    13:49      E 
03    14.9    15.6   13:10    14.2   01:44     03.4     00.0    00.6   05.7     26.0    16:21      E 
04    15.8    18.3   12:26    13.6   00:00     02.5     00.0    04.6   04.4     22.0    00:17     ESE
05    14.4    17.3   13:08    11.2   05:53     03.9     00.0    00.4   02.8     11.0    22:38     ESE
06    13.8    15.4   00:31    12.5   00:00     04.5     00.0    06.8   03.6     17.0    17:27      S 
07    13.0    15.8   15:13    11.4   05:47     05.3     00.0    15.2   03.2     13.0    15:26      S 
08    13.2    15.8   14:46    11.3   23:48     05.1     00.0    00.0   03.7     17.0    23:14      S 
09    13.0    14.8   16:25    09.0   00:00     05.3     00.0    00.4   04.1     16.0    00:44     WSW
10    11.0    13.2   14:21    08.3   23:42     07.3     00.0    03.0   02.8     16.0    15:07      S 
11    09.2    13.2   13:04    03.8   07:21     09.1     00.0    01.0   01.7     10.0    21:48     SSW
12    09.5    13.9   15:09    06.3   07:41     08.8     00.0    00.0   01.5     10.0    22:58     SSW
13    08.3    11.8   15:37    03.2   04:33     10.0     00.0    00.2   04.1     17.0    23:34     NNE
14    10.6    11.6   15:15    09.3   06:41     07.7     00.0    00.4   10.5     33.0    16:14     NNE
15    09.5    10.6   13:43    08.6   08:54     08.8     00.0    00.0   10.3     27.0    05:54      N 
16    07.9    10.6   14:30    04.9   00:00     10.4     00.0    02.2   05.3     18.0    14:43      N 
17    07.6    10.4   14:05    04.3   03:53     10.7     00.0    00.4   02.4     17.0    23:54     NNW
18    07.7    09.5   15:54    05.3   22:00     10.6     00.0    00.4   06.3     19.0    06:25      NW
19    06.7    10.2   15:22    03.7   21:45     11.6     00.0    00.0   03.7     13.0    00:31     WNW
20    07.4    11.7   14:09    01.6   04:16     10.9     00.0    00.0   03.2     15.0    14:01     SSE
21    11.4    13.1   15:09    09.8   03:40     06.9     00.0    04.0   03.2     17.0    22:18      S 
22    13.3    14.9   14:54    11.4   00:36     05.0     00.0    00.4   05.1     23.0    12:12     SSW
23    11.4    13.3   12:35    07.1   23:58     06.9     00.0    00.0   03.2     16.0    06:11     WSW
--------------------------------------------------------------------------------------------------------
11.2 (11.0)   18.3  day 04     01.6  day 20   162.6    000.0   040.2   04.3     33.0   day 15     ENE
Max <=   10: 1
Max Rain: 15.2 ON 7-10-20
Days of Rain: 16 (> .2mm) 6 (> 2mm) 0 (> 20mm)