MONTHLY CLIMATOLOGICAL SUMMARY for AUG. 2017

NAME: Granudden   CITY: Färjestaden STATE: Öland
ELEV: 12 LAT: 056:38:42 LONG: -016:28:48

                            TEMPERATURE ( °C), RAIN (mm), WIND SPEED (kn)

                                               HEAT     COOL           AVG
      MEAN                                     DEG      DEG            WIND                       DOM
DAY   TEMP    HIGH   TIME     LOW    TIME      DAYS     DAYS    RAIN   SPEED    HIGH    TIME      DIR
--------------------------------------------------------------------------------------------------------
01    18.6    22.0   15:47    15.8   01:46     00.0     00.3    02.0   00.5     09.0    23:29      S 
02    19.1    23.2   17:00    14.9   03:05     00.0     00.8    00.4   01.4     13.0    14:20      SW
03    18.1    21.3   10:54    16.3   16:59     00.2     00.0    08.8   01.0     10.0    14:17     SSE
04    17.8    20.8   13:49    16.3   20:53     00.5     00.0    00.2   03.4     18.0    14:28     SSW
05    17.9    21.5   14:56    15.7   04:10     00.4     00.0    00.6   03.3     18.0    04:24     SSW
06    17.2    21.1   16:34    14.6   05:03     01.1     00.0    00.0   02.8     18.0    18:29      SW
07    16.9    21.1   16:22    13.3   05:57     01.4     00.0    00.0   01.7     13.0    17:39     SSW
08    18.2    23.3   14:38    13.1   03:37     00.1     00.0    00.0   01.9     15.0    16:46      SE
09    19.1    22.7   16:59    16.7   03:42     00.0     00.8    00.0   03.3     17.0    10:20     SSE
10    19.6    23.9   15:39    15.8   05:48     00.0     01.3    00.0   01.3     11.0    16:42     SSW
11    18.1    22.4   13:57    12.4   05:34     00.2     00.0    00.0   00.7     07.0    16:23     WSW
12    18.6    21.7   13:55    16.2   22:45     00.0     00.3    00.0   02.1     17.0    16:50      S 
13    17.9    20.8   16:36    15.6   23:59     00.4     00.0    00.0   02.7     16.0    14:06      SW
14    16.9    21.5   15:23    12.6   05:19     01.4     00.0    00.0   01.8     11.0    00:50      SW
15    16.7    21.6   14:40    10.8   05:26     01.6     00.0    00.0   01.9     15.0    10:56     SSE
16    18.1    21.8   15:47    14.7   00:00     00.2     00.0    00.4   01.9     12.0    05:03     ESE
17    17.5    22.2   15:40    13.6   02:01     00.8     00.0    00.0   01.7     12.0    23:58      NE
18    18.4    21.7   13:37    15.4   07:31     00.0     00.1    03.8   01.9     14.0    01:57     SSE
19    18.1    20.9   13:35    15.9   07:11     00.2     00.0    04.6   03.2     16.0    15:11     SSW
--------------------------------------------------------------------------------------------------------
18.0 (18.3)   23.9  day 10     10.8  day 15   008.7    003.5   020.8   02.0     18.0   day 05     SSW
Max >=  20: 19
Max Rain: 8.8 ON 3-08-17
Days of Rain: 8 (> .2mm) 3 (> 2mm) 0 (> 20mm)