MONTHLY CLIMATOLOGICAL SUMMARY for JUL. 2018

NAME: Granudden   CITY: Färjestaden STATE: Öland
ELEV: 12 LAT: 056:38:42 LONG: -016:28:48

                            TEMPERATURE ( °C), RAIN (mm), WIND SPEED (kn)

                                               HEAT     COOL           AVG
      MEAN                                     DEG      DEG            WIND                       DOM
DAY   TEMP    HIGH   TIME     LOW    TIME      DAYS     DAYS    RAIN   SPEED    HIGH    TIME      DIR
--------------------------------------------------------------------------------------------------------
01    14.8    18.1   17:17    10.0   02:55     03.5     00.0    00.0   05.9     21.0    14:57      N 
02    16.4    21.6   16:27    12.2   06:01     01.9     00.0    00.0   03.6     17.0    13:17      N 
03    18.7    23.8   15:11    14.4   00:57     00.0     00.4    00.0   01.2     10.0    16:49     NNW
04    19.5    25.9   13:44    13.2   04:23     00.0     01.2    00.0   01.5     12.0    15:30      NE
05    19.2    26.4   17:57    12.9   04:40     00.0     00.9    00.0   00.9     10.0    19:49      E 
06    20.3    26.5   17:24    15.9   05:01     00.0     02.0    00.0   01.4     11.0    16:23     SSE
07    18.8    22.4   10:45    15.1   00:00     00.0     00.5    00.0   01.3     13.0    12:11     ENE
08    19.5    24.9   14:07    14.1   01:32     00.0     01.2    00.0   01.2     15.0    19:09     ESE
09    19.3    25.2   12:42    13.1   04:58     00.0     01.0    00.0   01.0     10.0    15:56     SSE
10    18.0    20.9   08:30    14.1   03:17     00.3     00.0    00.0   01.6     11.0    12:59      NE
11    19.9    24.3   17:43    14.3   01:45     00.0     01.6    00.0   02.8     15.0    13:00      NE
12    18.3    20.8   14:58    15.4   00:58     00.0     00.0    00.2   05.5     18.0    13:58      N 
13    19.3    22.8   16:17    14.8   00:00     00.0     01.0    00.0   04.1     13.0    08:56      N 
14    20.3    27.8   12:41    12.8   04:15     00.0     02.0    00.0   00.6     10.0    15:03      W 
15    21.3    26.2   14:17    16.8   00:00     00.0     03.0    00.0   01.3     10.0    10:22     WNW
16    22.3    29.7   15:42    13.7   04:06     00.0     04.0    00.0   02.3     14.0    13:39      N 
17    22.1    27.2   15:52    19.7   03:42     00.0     03.8    00.0   04.4     14.0    13:48      N 
18    23.2    30.2   15:22    20.8   03:24     00.0     04.9    00.0   04.1     14.0    12:04      N 
19    22.1    25.8   12:37    18.2   00:00     00.0     03.8    00.0   02.8     10.0    13:44     NNW
20    22.3    29.3   14:08    17.4   00:53     00.0     04.0    00.0   01.7     09.0    14:32     WNW
--------------------------------------------------------------------------------------------------------
19.8 (20.0)   30.2  day 18     10.0  day 01   005.7    035.4   000.2   02.5     21.0   day 01     N
Max >=  20: 19
Max Rain: 0.2 ON 12-07-18
Days of Rain: 1 (> .2mm) 0 (> 2mm) 0 (> 20mm)