MONTHLY CLIMATOLOGICAL SUMMARY for SEP. 2018

NAME: Granudden   CITY: Färjestaden STATE: Öland
ELEV: 12 LAT: 056:38:42 LONG: -016:28:48

                            TEMPERATURE ( °C), RAIN (mm), WIND SPEED (kn)

                                               HEAT     COOL           AVG
      MEAN                                     DEG      DEG            WIND                       DOM
DAY   TEMP    HIGH   TIME     LOW    TIME      DAYS     DAYS    RAIN   SPEED    HIGH    TIME      DIR
--------------------------------------------------------------------------------------------------------
01    15.5    16.1   09:33    14.8   06:10     02.8     00.0    01.4   02.2     11.0    12:19     NNW
02    16.0    21.2   17:13    12.1   23:56     02.3     00.0    00.0   02.0     10.0    12:52     NNW
03    15.5    21.2   14:20    11.1   06:37     02.8     00.0    00.2   01.3     11.0    15:40     ENE
04    16.1    19.6   15:45    13.1   00:39     02.2     00.0    00.0   03.4     13.0    14:41      N 
05    16.4    19.8   16:43    13.4   06:20     01.9     00.0    00.2   02.6     11.0    16:06      N 
06    16.7    20.7   14:30    13.2   01:11     01.6     00.0    00.0   02.0     10.0    13:39      NE
07    18.2    22.3   14:18    15.9   03:45     00.1     00.0    00.0   01.4     10.0    22:29     ENE
08    16.3    19.0   14:05    12.7   23:47     02.0     00.0    02.8   01.3     14.0    15:32      S 
09    15.8    21.3   16:01    11.2   03:26     02.5     00.0    00.0   00.9     10.0    15:37      S 
10    17.4    22.1   12:09    13.9   04:05     00.9     00.0    00.6   01.4     14.0    14:21      S 
11    15.7    17.4   11:57    14.2   06:18     02.6     00.0    01.8   02.4     17.0    16:54     SSW
12    14.8    16.8   14:36    12.9   00:00     03.5     00.0    00.8   03.3     17.0    12:31      SW
13    14.7    19.4   15:25    10.9   07:25     03.6     00.0    00.0   01.5     12.0    17:54      SW
14    15.0    18.5   14:04    12.4   05:09     03.3     00.0    00.0   02.1     17.0    16:46     SSW
15    14.8    16.8   13:24    11.6   00:00     03.5     00.0    00.4   02.5     20.0    14:08      SW
16    13.5    17.9   14:42    10.3   06:12     04.8     00.0    00.2   01.6     13.0    18:26      SW
17    16.9    20.2   15:07    14.8   00:07     01.4     00.0    00.0   02.5     17.0    03:25     SSW
18    18.1    24.4   14:57    13.5   03:30     00.2     00.0    00.0   01.4     12.0    17:37      S 
19    17.9    20.7   16:51    15.1   06:55     00.4     00.0    00.0   02.1     13.0    17:17      S 
20    17.8    21.4   13:05    15.1   03:34     00.5     00.0    00.0   02.7     17.0    14:36      S 
21    17.9    24.2   11:11    12.3   20:54     00.4     00.0    04.6   03.5     23.0    18:18      S 
22    12.3    15.8   14:48    10.1   22:38     06.0     00.0    01.4   04.7     21.0    07:30     SSW
23    12.1    15.9   14:56    10.0   00:00     06.2     00.0    00.0   03.2     18.0    00:08     WSW
24    10.4    13.4   15:37    08.1   05:12     07.9     00.0    00.2   06.1     17.0    15:40      NW
25    09.8    14.4   16:13    05.8   07:24     08.5     00.0    00.0   03.8     12.0    08:49     WNW
--------------------------------------------------------------------------------------------------------
15.4 (15.8)   24.4  day 18     05.8  day 25   071.8    000.0   014.6   02.5     23.0   day 22      SW
Max >=  20: 11
Max Rain: 4.6 ON 21-09-18
Days of Rain: 12 (> .2mm) 2 (> 2mm) 0 (> 20mm)