MONTHLY CLIMATOLOGICAL SUMMARY for APR. 2024 NAME: Granudden CITY: Färjestaden STATE: Öland ELEV: 12 LAT: 056:38:42 LONG: -016:28:48 TEMPERATURE ( °C), RAIN (mm), WIND SPEED (kn) HEAT COOL AVG MEAN DEG DEG WIND DOM DAY TEMP HIGH TIME LOW TIME DAYS DAYS RAIN SPEED HIGH TIME DIR -------------------------------------------------------------------------------------------------------- 07 11.6 14.8 17:08 09.6 22:01 06.7 00.0 00.0 04.6 19.0 19:16 SSW 08 10.8 15.6 15:41 06.2 22:46 07.5 00.0 01.0 02.8 21.0 09:50 S 09 09.5 15.8 14:44 06.4 06:09 08.8 00.0 00.2 02.6 13.0 18:14 ENE 10 09.9 12.1 16:23 07.6 00:00 08.4 00.0 00.0 06.0 21.0 15:49 WSW 11 08.6 10.3 10:40 06.4 05:03 09.7 00.0 00.0 05.6 21.0 13:00 SSW 12 10.7 13.7 12:49 08.6 05:50 07.6 00.0 01.0 04.7 18.0 02:38 SW 13 11.3 14.1 12:47 09.0 02:53 07.0 00.0 00.4 04.5 17.0 01:07 WSW 14 10.2 11.4 15:29 07.7 00:00 08.1 00.0 00.8 11.4 34.0 11:22 W 15 08.1 11.9 16:30 04.2 00:00 10.2 00.0 00.0 04.8 16.0 01:00 WSW 16 04.3 07.3 16:09 02.1 05:42 14.0 00.0 02.8 05.6 18.0 12:43 NNE 17 04.5 06.7 16:06 -00.2 00:00 13.8 00.0 00.0 06.8 23.0 12:18 N 18 03.1 07.9 12:23 -01.8 05:55 15.2 00.0 00.2 02.7 14.0 16:38 ESE 19 03.2 06.4 14:08 01.5 04:08 15.1 00.0 03.6 04.2 16.0 17:48 NE 20 03.6 07.8 14:35 00.8 00:00 14.7 00.0 00.0 05.7 17.0 09:15 N 21 02.2 05.2 12:03 -01.7 05:04 16.1 00.0 00.0 06.5 22.0 15:41 NNE 22 01.9 03.8 18:19 00.4 07:20 16.4 00.0 00.0 08.6 21.0 09:17 NNW 23 04.1 08.1 16:00 00.9 05:46 14.2 00.0 00.0 04.7 20.0 17:08 WSW 24 04.3 08.1 15:34 00.1 00:00 14.0 00.0 00.0 02.5 11.0 12:13 S 25 03.7 08.0 14:00 -00.8 05:10 14.6 00.0 00.0 03.1 13.0 10:07 N 26 04.6 09.2 13:17 -00.9 05:46 13.7 00.0 00.0 02.8 15.0 13:22 SE 27 08.8 14.3 14:56 04.9 00:04 09.5 00.0 00.0 02.6 16.0 00:38 SSE -------------------------------------------------------------------------------------------------------- 06.6 (6.8) 15.8 day 09 -01.8 day 18 245.2 000.0 026.8 04.9 34.0 day 14 WNW Max <= 10: 11 Min <= 0: 5 Max Rain: 3.6 ON 19-04-24 Days of Rain: 8 (> .2mm) 2 (> 2mm) 0 (> 20mm)