MONTHLY CLIMATOLOGICAL SUMMARY for JUN. 2021

NAME: Granudden   CITY: Färjestaden STATE: Öland
ELEV: 12 LAT: 056:38:42 LONG: -016:28:48

                            TEMPERATURE ( °C), RAIN (mm), WIND SPEED (kn)

                                               HEAT     COOL           AVG
      MEAN                                     DEG      DEG            WIND                       DOM
DAY   TEMP    HIGH   TIME     LOW    TIME      DAYS     DAYS    RAIN   SPEED    HIGH    TIME      DIR
--------------------------------------------------------------------------------------------------------
01    12.1    14.3   00:07    10.2   22:25     06.2     00.0    00.0   08.3     27.0    14:02      N 
02    15.3    19.6   12:15    10.8   00:02     03.0     00.0    00.4   03.7     17.0    11:26      E 
03    14.8    21.3   16:07    08.8   05:36     03.5     00.0    00.0   03.4     13.0    12:12      NE
04    15.9    22.4   15:16    08.2   03:23     02.4     00.0    00.0   01.9     10.0    18:14     ENE
05    16.3    22.3   11:23    09.5   04:41     02.0     00.0    00.0   01.1     10.0    16:11     SSW
06    18.4    25.2   18:12    10.1   04:47     00.0     00.1    00.0   02.2     13.0    15:51     SSW
07    17.8    22.9   18:10    11.5   04:51     00.5     00.0    00.0   02.0     10.0    19:03      SW
08    20.0    25.5   16:29    16.0   04:45     00.0     01.7    00.0   02.3     12.0    14:29     WSW
09    20.0    25.3   16:23    14.8   04:55     00.0     01.7    00.0   02.1     10.0    15:18      W 
10    19.6    24.7   16:18    14.8   04:44     00.0     01.3    00.0   02.3     12.0    14:59     WNW
11    19.8    25.1   12:44    16.2   04:59     00.0     01.5    00.0   02.7     10.0    23:32     WNW
12    18.5    21.0   14:21    15.8   00:00     00.0     00.2    00.0   05.2     17.0    19:10      W 
13    17.6    22.1   13:46    13.3   05:10     00.7     00.0    00.0   03.7     14.0    04:12     WNW
14    17.3    20.8   12:27    12.8   04:40     01.0     00.0    00.0   04.0     21.0    15:09     SSW
15    17.3    21.2   15:51    12.9   06:24     01.0     00.0    00.0   03.9     12.0    02:21     WNW
16    16.7    21.2   15:34    10.4   04:30     01.6     00.0    00.0   03.4     16.0    17:59     SSW
17    17.8    24.3   15:18    11.1   04:53     00.5     00.0    00.0   03.2     17.0    16:39     SSE
18    21.5    27.7   18:42    15.4   02:04     00.0     03.2    00.0   02.9     15.0    15:23     SSW
--------------------------------------------------------------------------------------------------------
17.6 (17.5)   27.7  day 18     08.2  day 04   022.5    009.8   000.4   03.2     27.0   day 01      W 
Max >=  20: 16
Max Rain: 0.4 ON 2-06-21
Days of Rain: 1 (> .2mm) 0 (> 2mm) 0 (> 20mm)