MONTHLY CLIMATOLOGICAL SUMMARY for JAN. 2022

NAME: Granudden   CITY: Färjestaden STATE: Öland
ELEV: 12 LAT: 056:38:42 LONG: -016:28:48

                            TEMPERATURE ( °C), RAIN (mm), WIND SPEED (kn)

                                               HEAT     COOL           AVG
      MEAN                                     DEG      DEG            WIND                       DOM
DAY   TEMP    HIGH   TIME     LOW    TIME      DAYS     DAYS    RAIN   SPEED    HIGH    TIME      DIR
--------------------------------------------------------------------------------------------------------
01    02.7    05.7   00:05    00.4   18:05     15.6     00.0    00.8   03.9     16.0    23:36     NNE
02    05.9    07.7   10:23    02.5   00:05     12.4     00.0    01.4   03.3     18.0    02:20      S 
03    04.9    05.9   16:29    03.4   07:01     13.4     00.0    00.2   04.1     18.0    19:34     SSW
04    02.8    05.6   01:56    00.8   23:37     15.5     00.0    00.0   03.2     18.0    02:18     SSW
05    01.9    03.4   10:55   -01.1   00:00     16.4     00.0    00.6   04.3     23.0    23:17      W 
06   -02.2    00.0   00:32   -04.7   21:42     20.5     00.0    00.0   07.5     23.0    07:11      NW
07   -00.1    02.6   13:44   -04.4   00:48     18.4     00.0    02.0   02.5     11.0    20:03      S 
08    01.5    02.6   13:01    00.0   00:30     16.8     00.0    02.2   03.1     17.0    18:05      S 
09    01.6    02.6   22:10    00.3   01:35     16.7     00.0    00.0   02.1     10.0    08:37      SE
10    01.4    03.8   11:41   -03.0   23:55     16.9     00.0    00.0   01.8     11.0    12:02     ENE
11   -00.4    02.8   13:45   -04.6   04:56     18.7     00.0    00.2   02.5     13.0    15:04      S 
12    02.4    06.2   00:00    00.8   08:16     15.9     00.0    00.2   03.4     14.0    00:16      SW
13    06.2    07.2   12:23    05.3   01:19     12.1     00.0    00.0   06.7     22.0    12:20      W 
14    06.1    09.3   05:05    02.4   00:00     12.2     00.0    00.2   11.9     32.0    10:15     WNW
15    01.2    02.7   14:10   -00.2   09:11     17.1     00.0    00.0   03.5     17.0    01:33     WNW
16    02.9    04.8   22:14    00.0   00:42     15.4     00.0    00.0   04.6     23.0    23:49      SW
17    02.6    05.9   02:44    00.9   22:06     15.7     00.0    01.0   10.5     39.0    03:25      NW
18    01.5    03.3   22:24   -01.2   07:53     16.8     00.0    00.0   03.1     12.0    20:11      W 
19    03.0    03.9   12:36    02.2   01:38     15.3     00.0    00.4   04.9     23.0    21:48      SW
20    00.2    03.3   00:32   -01.6   09:17     18.1     00.0    00.4   12.4     37.0    13:33      NW
21    00.4    03.1   14:35   -01.4   00:00     17.9     00.0    00.0   10.0     24.0    14:32     NNW
22   -01.7    00.0   23:52   -03.7   08:35     20.0     00.0    00.0   05.5     19.0    01:54     NNW
23    01.0    03.8   00:00   -00.7   08:46     17.3     00.0    00.0   02.3     10.0    23:56      SW
24    03.8    04.5   09:59    02.8   03:37     14.5     00.0    00.0   05.0     18.0    12:56      W 
25    02.0    04.8   14:09   -03.7   23:53     16.3     00.0    00.0   02.8     11.0    12:27      NW
26    02.0    04.5   15:56   -03.6   00:37     16.3     00.0    00.2   03.9     14.0    15:42     WSW
--------------------------------------------------------------------------------------------------------
02.1 (1.9)   09.3  day 14    -04.7  day 06   422.3    000.0   009.8   05.0     39.0   day 17      W 
Max <=   10: 26
Min <=   0: 15
Max Rain: 2.2 ON 8-01-22
Days of Rain: 13 (> .2mm) 1 (> 2mm) 0 (> 20mm)