MONTHLY CLIMATOLOGICAL SUMMARY for MAY. 2024

NAME: Granudden   CITY: Färjestaden STATE: Öland
ELEV: 12 LAT: 056:38:42 LONG: -016:28:48

                            TEMPERATURE ( °C), RAIN (mm), WIND SPEED (kn)

                                               HEAT     COOL           AVG
      MEAN                                     DEG      DEG            WIND                       DOM
DAY   TEMP    HIGH   TIME     LOW    TIME      DAYS     DAYS    RAIN   SPEED    HIGH    TIME      DIR
--------------------------------------------------------------------------------------------------------
01    12.2    16.6   14:25    08.3   23:07     06.1     00.0    00.0   07.1     20.0    00:49      NE
02    12.2    16.6   16:42    07.8   00:00     06.1     00.0    00.0   06.7     23.0    15:17      NE
03    11.6    16.7   16:53    07.1   05:25     06.7     00.0    00.0   05.7     18.0    13:03      NE
04    11.9    20.4   15:22    06.9   04:58     06.4     00.0    00.0   03.9     12.0    17:42     NNE
05    11.4    18.9   15:38    08.2   04:45     06.9     00.0    00.0   01.7     12.0    16:29     SSE
06    08.5    09.8   06:35    05.6   23:39     09.8     00.0    06.6   04.9     17.0    17:23     NNE
07    07.7    13.0   15:58    04.6   03:14     10.6     00.0    00.0   05.9     20.0    07:39     NNE
08    10.1    16.6   15:01    05.0   04:41     08.2     00.0    00.0   03.3     13.0    17:47      S 
09    13.3    17.4   13:37    09.3   00:41     05.0     00.0    01.6   02.9     16.0    17:49     WSW
10    11.3    12.9   13:14    06.6   00:00     07.0     00.0    02.4   03.2     15.0    10:43      E 
11    09.5    13.9   16:07    06.3   00:35     08.8     00.0    02.2   02.6     12.0    16:37     SSW
12    13.0    17.9   14:32    07.5   05:19     05.3     00.0    00.0   02.5     14.0    17:40     SSW
13    13.8    19.7   17:43    07.4   05:13     04.5     00.0    00.0   02.3     15.0    12:06     SSW
14    14.0    20.4   14:57    07.7   04:29     04.3     00.0    00.0   01.9     10.0    19:04     SSE
15    15.3    21.6   12:53    07.9   05:00     03.0     00.0    00.0   02.7     17.0    13:13     ESE
16    15.3    19.2   13:46    11.6   00:04     03.0     00.0    00.0   04.4     18.0    16:53     ESE
17    15.8    20.3   14:31    11.2   04:59     02.5     00.0    00.0   03.8     17.0    16:36     ESE
18    16.3    22.5   13:56    10.7   05:11     02.0     00.0    00.0   03.2     12.0    14:45     ENE
19    17.2    24.2   16:35    09.9   04:28     01.1     00.0    00.0   02.0     10.0    20:26      E 
20    12.3    16.9   08:25    09.8   03:04     06.0     00.0    00.0   07.1     24.0    12:32      N 
21    13.6    19.8   13:45    08.9   04:45     04.7     00.0    00.0   07.1     30.0    16:09     NNE
22    16.2    20.9   16:27    10.4   03:16     02.1     00.0    00.0   05.8     20.0    19:32     ENE
--------------------------------------------------------------------------------------------------------
12.8 (13.1)   24.2  day 19     04.6  day 07   120.1    000.0   012.8   04.1     30.0   day 21     ENE
Max >=  20: 7
Max <=   10: 1
Max Rain: 6.6 ON 6-05-24
Days of Rain: 4 (> .2mm) 3 (> 2mm) 0 (> 20mm)