MONTHLY CLIMATOLOGICAL SUMMARY for SEP. 2021

NAME: Granudden   CITY: Färjestaden STATE: Öland
ELEV: 12 LAT: 056:38:42 LONG: -016:28:48

                            TEMPERATURE ( °C), RAIN (mm), WIND SPEED (kn)

                                               HEAT     COOL           AVG
      MEAN                                     DEG      DEG            WIND                       DOM
DAY   TEMP    HIGH   TIME     LOW    TIME      DAYS     DAYS    RAIN   SPEED    HIGH    TIME      DIR
--------------------------------------------------------------------------------------------------------
01    15.3    18.4   17:05    12.1   05:09     03.0     00.0    00.6   03.8     14.0    10:25     NNW
02    16.0    20.1   17:40    12.8   06:15     02.3     00.0    00.4   03.3     12.0    08:22      NW
03    14.7    18.2   13:02    10.2   23:36     03.6     00.0    00.2   03.0     14.0    09:37     NNE
04    11.5    16.7   14:40    06.3   00:00     06.8     00.0    00.4   01.9     10.0    16:14     NNE
05    11.5    17.3   15:04    04.2   05:50     06.8     00.0    00.2   01.6     12.0    18:50     SSW
06    13.7    17.7   13:32    08.1   06:48     04.6     00.0    00.2   01.6     10.0    17:33     SSW
07    15.5    20.7   15:36    10.7   05:02     02.8     00.0    00.0   01.7     14.0    17:31     SSW
08    16.8    21.1   15:06    13.7   05:04     01.5     00.0    00.0   02.9     15.0    15:30     SSW
09    18.0    23.7   16:23    13.9   05:54     00.3     00.0    00.2   02.0     12.0    13:16      S 
10    16.8    22.1   15:41    11.6   06:32     01.5     00.0    00.0   00.8     07.0    18:00     SSW
11    17.8    22.6   14:59    14.5   00:04     00.5     00.0    00.0   02.3     14.0    16:04     SSW
12    18.0    21.3   15:19    16.3   05:08     00.3     00.0    00.2   02.4     12.0    09:19      SW
13    15.0    18.4   15:15    09.8   00:00     03.3     00.0    00.0   02.0     09.0    15:23      NE
14    13.6    19.0   15:19    08.3   03:33     04.7     00.0    00.0   01.5     11.0    15:48      SE
15    15.1    18.7   13:08    12.7   08:17     03.2     00.0    00.0   02.2     15.0    17:28      E 
16    14.6    15.7   23:49    13.4   06:25     03.7     00.0    00.0   04.4     22.0    14:19      E 
17    14.0    15.7   00:01    12.3   00:00     04.3     00.0    00.0   04.4     19.0    22:26     ENE
18    11.6    12.9   02:57    10.2   23:59     06.7     00.0    00.0   05.0     17.0    15:43      NE
19    10.3    12.1   16:07    08.4   00:00     08.0     00.0    00.8   05.0     20.0    16:56     NNE
20    09.9    12.7   13:37    06.4   00:00     08.4     00.0    00.0   03.8     15.0    16:39     NNE
21    10.5    13.9   15:16    05.7   00:48     07.8     00.0    00.0   01.7     10.0    17:59     WNW
22    11.2    13.6   00:00    06.9   01:23     07.1     00.0    00.0   01.4     07.0    23:46     SSW
23    13.3    15.3   15:02    10.3   00:00     05.0     00.0    05.0   04.5     19.0    15:02     WSW
24    12.7    15.3   15:51    10.0   07:21     05.6     00.0    00.0   05.8     15.0    12:33     WNW
25    14.7    17.3   15:29    10.7   22:34     03.6     00.0    00.0   03.5     16.0    02:10     WNW
26    12.8    18.9   14:42    06.4   06:40     05.5     00.0    00.2   01.6     10.0    16:43     ESE
--------------------------------------------------------------------------------------------------------
14.0 (13.9)   23.7  day 09     04.2  day 05   111.0    000.0   008.4   02.9     22.0   day 24      N 
Max >=  20: 7
Max Rain: 5.0 ON 23-09-21
Days of Rain: 11 (> .2mm) 1 (> 2mm) 0 (> 20mm)